77?
False
Is 19854 a multiple of 9?
True
Is 67344 a multiple of 244?
True
Is 45937 a multiple of 57?
False
Is 12 a factor of 272772?
True
Is 4 a factor of 45383?
False
Is 147 a factor of 344289?
False
Does 11 divide 188464?
False
Is 64883 even?
False
Does 167 divide 22443631?
True
Does 133 divide 4303006?
False
Is 19 a factor of 1472310?
True
Is 10094 a multiple of 73?
False
Does 42 divide 942564?
True
Is 282 a multiple of 2?
True
Is 48655 a multiple of 9?
False
Does 3 divide 9594?
True
Does 609 divide 108402?
True
Does 47 divide 39245?
True
Is 26 a factor of 88268?
False
Is 66 a factor of 1846472?
False
Does 25 divide 489600?
True
Is 52 a factor of 1084044?
True
Does 719 divide 1458851?
True
Is 7 a factor of 153279?
True
Is 1307545 a multiple of 30?
False
Is 479 a factor of 459958?
False
Is 422772 a multiple of 98?
True
Does 674 divide 1110767?
False
Is 450554 a multiple of 43?
True
Is 143165 a multiple of 163?
False
Does 583 divide 344081?
False
Is 1073442 a multiple of 11?
False
Does 89 divide 16178213?
False
Is 107 a factor of 659013?
True
Is 28 a factor of 17495380?
True
Is 9624 a multiple of 6?
True
Is 46 a factor of 1007948?
False
Is 10576848 a multiple of 48?
True
Is 5 a factor of 3307583?
False
Is 48 a factor of 193152?
True
Does 223 divide 15833?
True
Does 77 divide 1634309?
False
Is 10 a factor of 94360?
True
Does 866 divide 4645718?
False
Does 10 divide 165120?
True
Is 144 a factor of 3538427?
False
Is 416 a factor of 115232?
True
Is 4270022 a multiple of 79?
False
Is 413129 a multiple of 16?
False
Is 14 a factor of 321153?
False
Does 59 divide 453356?
True
Is 533120 a multiple of 136?
True
Does 117 divide 152334?
True
Is 12393947 a multiple of 34?
False
Is 1417398 a multiple of 24?
False
Is 26840 a multiple of 3?
False
Does 12 divide 111519?
False
Is 97768 a multiple of 114?
False
Does 5 divide 317935?
True
Is 47 a factor of 7849?
True
Does 16 divide 305024?
True
Is 555310 a multiple of 79?
False
Is 477204 a multiple of 28?
True
Is 22249102 a multiple of 231?
False
Is 54703 a multiple of 9?
False
Is 597490 a multiple of 298?
True
Does 212 divide 5223256?
True
Is 287 a factor of 556766?
False
Is 23 a factor of 651082?
False
Does 18 divide 13374?
True
Is 66 a factor of 57696?
False
Is 138398 a multiple of 633?
False
Does 177 divide 121385?
False
Is 10 a factor of 15554779?
False
Is 537 a factor of 5519672?
False
Is 5 a factor of 84220?
True
Is 4398129 a multiple of 1297?
False
Is 18 a factor of 230796?
True
Is 154 a factor of 883880?
False
Is 152973 a multiple of 84?
False
Does 99 divide 279356?
False
Is 3786538 a multiple of 14?
True
Is 135811 a multiple of 31?
True
Does 3 divide 3539194?
False
Is 484475 a multiple of 14?
False
Does 13 divide 446923?
False
Is 190869 a multiple of 17?
False
Is 99 a factor of 124245?
True
Does 42 divide 1457866?
False
Does 539 divide 3712073?
False
Is 685449 a multiple of 35?
False
Does 1711 divide 2291029?
True
Does 39 divide 1150422?
True
Is 43875 a multiple of 75?
True
Is 143 a factor of 87802?
True
Is 26 a factor of 5735964?
True
Is 5704560 a multiple of 135?
True
Does 1467 divide 2372139?
True
Does 2 divide 949?
False
Does 11 divide 165990?
True
Is 13 a factor of 2451150?
True
Is 93 a factor of 615207?
False
Does 13 divide 341042?
True
Is 1040879 a multiple of 306?
False
Is 141246 a multiple of 18?
True
Does 203 divide 136934?
False
Is 5967489 a multiple of 43?
False
Does 4 divide 390740?
True
Is 25 a factor of 11068?
False
Does 5 divide 679475?
True
Is 525 a factor of 4744110?
False
Does 607 divide 3938823?
True
Is 3522 a multiple of 3?
True
Is 105108 a multiple of 57?
True
Is 6 a factor of 2479424?
False
Is 899221 a multiple of 189?
False
Does 8 divide 956690?
False
Is 124 a factor of 2728?
True
Does 338 divide 60502?
True
Is 41209 a multiple of 103?
False
Is 5826842 a multiple of 5?
False
Is 3518280 a multiple of 87?
True
Is 16543736 a multiple of 28?
False
Does 6 divide 1032?
True
Does 274 divide 20276?
True
Does 578 divide 1137159?
False
Is 17 a factor of 8820?
False
Does 31 divide 8306764?
False
Is 9 a factor of 12224052?
True
Is 5 a factor of 713449?
False
Is 233 a factor of 14497?
False
Does 102 divide 1874725?
False
Is 12 a factor of 1191468?
True
Does 28 divide 455672?
True
Is 952940 a multiple of 39?
False
Is 251 a factor of 473428?
False
Does 2 divide 111629?
False
Is 18050 a multiple of 361?
True
Does 137 divide 1793467?
True
Is 23 a factor of 6113666?
False
Is 12 a factor of 183912?
True
Is 207532 a multiple of 13?
True
Is 90 a factor of 564930?
True
Does 277 divide 10295254?
False
Is 32 a factor of 2999209?
False
Is 182 a factor of 262080?
True
Does 34 divide 385492?
True
Is 301 a factor of 2580172?
True
Does 381 divide 987190?
False
Is 376314 a multiple of 3?
True
Does 84 divide 5880?
True
Is 2362250 a multiple of 250?
True
Does 992 divide 462272?
True
Does 195 divide 6179355?
True
Is 198 a factor of 212617?
False
Is 177750 a multiple of 5?
True
Does 13 divide 770020?
False
Is 11130896 a multiple of 232?
True
Does 11 divide 5090404?
True
Is 3836441 a multiple of 468?
False
Is 141 a factor of 1731057?
True
Does 19 divide 81263?
True
Does 6 divide 50558?
False
Is 93 a factor of 8872572?
True
Does 60 divide 688907?
False
Is 134833 a multiple of 20?
False
Does 27 divide 516674?
False
Is 32922 a multiple of 18?
True
Is 21227684 a multiple of 31?
True
Is 143 a factor of 196339?
True
Does 10 divide 1443170?
True
Is 85 a factor of 138529?
False
Does 887 divide 619126?
True
Does 46 divide 17328660?
True
Is 200122 a multiple of 291?
False
Is 95 a factor of 2952528?
False
Is 86147 a multiple of 5?
False
Does 14 divide 25494?
True
Is 113567 a multiple of 11?
False
Is 24 a factor of 550700?
False
Does 85 divide 993140?
True
Does 4 divide 239249?
False
Does 66 divide 2503794?
False
Is 2243048 a multiple of 1161?
False
Is 29506 a multiple of 207?
False
Is 24451035 a multiple of 1011?
True
Does 209 divide 677578?
True
Does 8 divide 28689?
False
Does 14 divide 744281?
False
Is 198983 a multiple of 434?
False
Is 13613 a multiple of 57?
False
Is 1189938 a multiple of 925?
False
Is 11 a factor of 54890?
True
Does 63 divide 222643?
False
Is 97 a factor of 344738?
True
Does 163 divide 4740040?
True
Is 3999968 a multiple of 757?
False
Is 13859598 a multiple of 119?
False
Does 22 divide 128392?
True
Is 250134 a multiple of 94?
True
Is 243 a factor of 94867?
False
Is 1219 a factor of 625430?
False
Does 46 divide 4100164?
True
Does 29 divide 644003?
True
Is 14 a factor of 5576826?
False
Is 2464710 a multiple of 87?
True
Does 13 divide 14670?
False
Does 223 divide 739058?
False
Does 206 divide 23060?
False
Does 8 divide 68976?
True
Is 44 a factor of 86976?
False
Is 4902 a multiple of 57?
True
Does 15 divide 1073000?
False
Is 336167 a multiple of 29?
False
Does 5 divide 1701820?
True
Is 537985 a multiple of 665?
True
Is 33699 a multiple of 47?
True
Is 67 a factor of 659079?
True
Is 1569 a factor of 5878565?
False
Does 118 divide 934154?
False
Does 10 divide 5311605?
False
Is 41 a factor of 2789208?
False
Is 94303 a multiple of 14?
False
Does 8 divide 42?
False
Is 36 a factor of 2174832?
True
Is 217 a factor of 6085331?
True
Is 89 a factor of 2672327?
False
Is 1144852 a multiple of 3?
False
Does 15 divide 1220020?
False
Is 704 a factor of 7246577?
False
Is 23 a factor of 111274?
True
Is 554432 a multiple of 16?
True
Is 60 a factor of 21540?
True
Is 282309 a multiple of 70?
False
Does 472 divide 11147696?
True
Is 211236 a multiple of 9?
False
Is 13 a factor of 7170239?
False
Is 51 a factor of 119479?
False
Is 6 a factor of 757?
False
Does 14 divide 32900?
True
Is 3 a factor of 26151?
True
Does 53 divide 3119898?
True
Does 1109 divide 2591105?
False
Is 2088129 a multiple of 67?
False
Does 2 divide 10053?
False
Is 100710 a multiple of 54?
True
Does 19 divide 6149768?
True
Is 29 a factor of 1088805?
True
Does 26 divide 8987524?
True
Is 952 a factor of 7001484?
False
Is 66 a factor of 246642?
True
Is 48 a factor of 6634512?
True
Is 35 a factor of 90370?
True
Does 12 divide 3041076?
True
Is 10 a factor of 1691920?
True
Does 13 divide 154774?
False
Is 1053390 a multiple of 145?
False
Is 159973 a multiple of 253?
False
Is 396 a factor of 50840?
False
Is 72 a factor of 277490?
False
Is 48 a factor of 106416?
Tru